uppose 5*u - 25 = 30. What is the tens digit of u?
1
Suppose -4*a - 2*l + 0 = -6, 3 = -a - 5*l. Suppose -4*x = -a*c + 16, 0 = -3*x + 6 - 0. What is the units digit of ((-9)/c)/(2/(-8))?
3
Suppose 4*j = 2*j - 5*q + 40, j + 5*q = 20. What is the tens digit of j?
2
Let j be (10/8 - 2)*-28. Suppose 2*d - j = 1. What is the units digit of d?
1
Let i be (-3 - -2)/((-1)/(-7)). What is the units digit of i + 35 - (-1 + 1)?
8
Let u = -1 + -4. Let g(x) = x**3 + 1. Let r(d) = 4*d**3 + 5*d**2 + 3*d - 2. Let s(w) = u*g(w) + r(w). What is the units digit of s(5)?
8
Suppose 5*y - 5 = 65. What is the units digit of y?
4
Let q = -486 + 737. What is the hundreds digit of q?
2
Let l(q) = 20*q + 8. Let j(g) = 7*g + 3. Let z(w) = -14*j(w) + 5*l(w). What is the units digit of z(5)?
8
Suppose 570 = 4*f - 5*m, 4*f + 2*m - 149 = 3*f. What is the hundreds digit of f?
1
Suppose -3*g = -3*b - 54 + 297, 4*g = 3*b - 244. What is the units digit of b?
0
Suppose -n = 3*s - 10, 4*s + 3*n - 12 = 2*n. Let v = 2 - s. Let b = v + 5. What is the units digit of b?
5
Let w = -4 - -6. Suppose -w*l + 0*l = -8. What is the units digit of l?
4
Let f = -4 + 3. What is the tens digit of 6/f*(9 + -12)?
1
Let v(g) = 3*g**3 + 16*g**2 - 2*g + 1. What is the units digit of v(-5)?
6
Let k = 0 + 0. Suppose k = -5*g - 7 + 27. Let c = g + 2. What is the units digit of c?
6
Let a = -47 + 76. What is the tens digit of a?
2
Let j(l) = -8 + l - 3*l + 4. What is the units digit of j(-6)?
8
Let a = 18 - 13. Suppose -g = 1, -j + 10*g + 16 = a*g. What is the tens digit of j?
1
Let b be (-2)/4 + 1/(-2). Let x = -5 - b. What is the units digit of (x - -3)/(1 - 2)?
1
Let l = 101 + 3. What is the tens digit of l?
0
Suppose -5*i - 7 = -2*z, i + 3 = z + 1. Let s = 2 - 0. Suppose l - z = s. What is the units digit of l?
3
What is the hundreds digit of 24*(-2 - -5)*3?
2
Suppose 6*t - t - 435 = 5*i, -5*t + 435 = -3*i. What is the tens digit of t?
8
Suppose 5*v = 5*q - 2*q + 706, 4*v - 566 = 3*q. What is the hundreds digit of v?
1
Suppose 5*a - s = s - 40, 0 = -3*a - 3*s - 3. What is the units digit of (-62)/a - 4/(-6)?
1
Suppose -4*x = -7 - 1, 30 = 2*b + 3*x. Let m be (b/(-10))/(8/(-20)). Suppose m*z + z - 16 = 0. What is the units digit of z?
4
Let n = 70 - 39. What is the units digit of n?
1
Let b(g) = g**2 + 4*g + 8. What is the tens digit of b(-6)?
2
Suppose -5*l - 3 + 18 = 0, 0 = -5*s + 4*l + 378. What is the units digit of s?
8
Suppose -2*t - 2 + 4 = 0. Suppose -9 = -3*o, 0*z - 3*z = 3*o - 6. What is the units digit of t/(0 - z)*1?
1
Let q(w) = w + 7. Suppose -3*r - 15 = -6*r. Let h be q(r). Let p = -7 + h. What is the units digit of p?
5
What is the units digit of (11 + -8)/((-2)/(-110))?
5
Let w(f) = f**3 + f**2 - 2*f + 1. Let u be w(1). What is the units digit of (-28)/(-6) + u/3?
5
Suppose -4*t + 5*t - y = 65, -2*t - 3*y = -135. What is the units digit of t?
6
Let z(s) = s**3 + 4*s**2 + s. Let u be z(-3). Let b = 11 - u. What is the units digit of b?
5
Let v = 155 - 88. Suppose -48 = -5*p + v. What is the units digit of p?
3
Let c = -10 + 15. Let w(i) = 3*i + 1 - i - 4. What is the units digit of w(c)?
7
Let o(a) = a**2 - 3*a + 1. Let n be o(2). Let f be 0*n/(-2) - -14. Suppose -4*z + 2 = -f. What is the units digit of z?
4
Let s = -19 + 56. What is the units digit of s?
7
Let w(x) = -3*x - 2. Let u be w(-4). Let y = u + -3. What is the units digit of y?
7
Let n(f) = f**3 + 4*f**2 - 2*f + 1. Let t be n(-4). What is the units digit of t - (-2 + -1)*1?
2
Let y be 0 + 2 + (-11 - 0). Let w(o) = o**3 + 9*o**2 + 9. What is the units digit of w(y)?
9
Suppose 2*u - 11 = -5, 2*j - 71 = -5*u. What is the units digit of j?
8
Suppose s - 2*o = o - 9, 2*o = 6. Suppose -a - 8*r + 3*r + 33 = s, 2*a = 4*r - 4. What is the units digit of a?
8
Suppose -4*n - 4*h = -124, -4*n + 3*n = -4*h - 21. What is the units digit of n?
9
Suppose 2*s = -3*s. Suppose -17 + 42 = 5*h + d, s = -2*d. Let o(v) = v**2 - 5*v + 2. What is the units digit of o(h)?
2
Let n be (-6)/(-27) + (-112)/18. What is the units digit of 5/((-15)/n) - -4?
6
Let r(y) = -y**3 + 10*y**2 + 12*y - 9. Suppose -u + 6*m + 36 = m, 7 = 2*u + 3*m. Let z be r(u). Suppose 0 = -z*h - 6 + 24. What is the units digit of h?
9
Let k = -48 - -69. What is the units digit of 3/(-2)*(-28)/k?
2
Let k(r) = r**2 - 13*r - 45. What is the units digit of k(19)?
9
Let z = -18 + 19. Let j = z + 4. What is the units digit of j?
5
What is the units digit of -2 - -4 - (0 + -11)?
3
What is the tens digit of -1 + 356 + (-6 - 0)?
4
Suppose 4*t - w + 16 = -0*t, -5*w - 5 = -3*t. What is the tens digit of 1/((-2)/6)*t?
1
Suppose -s = 2 - 1. Let i(q) = -3*q + 1. What is the units digit of i(s)?
4
Suppose 4*n - 4*l = 1280, 3*l + 1725 = 5*n + 129. What is the units digit of n?
8
Let h be ((-2)/2 - -2) + 2. Suppose -61 = -h*l - 19. What is the units digit of ((-9)/6 - -2)*l?
7
Let q(z) = -z**3 + 8*z**2 - 7*z - 2. What is the tens digit of q(6)?
2
Let l(h) = 16*h - 4. What is the tens digit of l(2)?
2
Suppose -28*h + 575 = -23*h. What is the units digit of h?
5
Let f = -80 - -123. What is the tens digit of f?
4
Let m be (-1)/(-2 - -4)*-4. Let p be (-3)/(-2) + m/4. Suppose -5*s - 4*q + 21 = 0, -12 = -p*q - q. What is the units digit of s?
1
Suppose -n + 0*n + a = -1, -4*a + 23 = 5*n. Suppose -78 = -n*o - 0*o. What is the units digit of o?
6
Let k = 30 + -13. Suppose -j + k = n, 4*j + 0*j = 0. What is the units digit of n?
7
What is the tens digit of (36/21)/((-12)/(-1512))?
1
Let n = 10 + 1. Suppose 14 = 5*d - n. What is the units digit of d?
5
Let x be 1 - -1*(-5)/1. Let y(z) = -z**2 - 6*z - 3. Let c(d) = -2*d**2 - 12*d - 7. Let v(p) = -2*c(p) + 5*y(p). What is the units digit of v(x)?
7
Let q(i) = -i**3 + i**2 + i - 10. Let o(b) = b**3 - 7*b**2 - 9*b + 8. Let l be o(8). Let s be q(l). What is the units digit of 39/5 + (-2)/s?
8
Let b = 6 + 20. What is the tens digit of b?
2
Suppose b = -3*g + 84, 2*g - 18 = g + 3*b. What is the tens digit of g?
2
Suppose 2*x + 1 = x + h, -2*x + 22 = 4*h. Suppose x*g = 83 + 58. What is the tens digit of g?
4
Let h be 12/10 + 3/(-15). Suppose -2*o + 3 = -h. Suppose o*f + 2*f = 12. What is the units digit of f?
3
Let p = 13 + -8. What is the units digit of -5 + p - -2*3?
6
Let h be -2 + 0 + (-4)/(-2). Let w be 1*6 - 2 - 2. Suppose a + w*a - 30 = h. What is the tens digit of a?
1
Let l(z) = -z**3 + 3*z**2 - z + 2. Let x be l(2). Suppose x*m - 43 = -3. Suppose m + 2 = 4*y. What is the units digit of y?
3
Let t(n) be the first derivative of n**4/4 - 7*n**3/3 - 2*n**2 + 6*n - 1. Let m be t(7). What is the units digit of (-4)/m - (-42)/11?
4
Let g(y) = y**3 + 8*y**2 - 2*y - 20. What is the units digit of g(-6)?
4
Let z(h) = 2*h. Let x(s) = s + 4. Let n(c) = -c - 7. Let r(g) = 3*n(g) + 5*x(g). Let p(i) = 3*r(i) - 4*z(i). What is the units digit of p(-6)?
9
Let i(p) = -2 + p + 5 + 0. Let l be i(3). Suppose t - 4*t = -l. What is the units digit of t?
2
Let f = -55 - -99. What is the units digit of f?
4
Suppose i + 188 = -4*b - 3*i, 3*i + 243 = -5*b. Let z = b + 126. Suppose 3*t + 18 = z. What is the units digit of t?
9
Suppose 0 = 4*u - 2*f - 74, 2*u + 3*f - 5*f = 42. What is the units digit of u?
6
Suppose -3 = 4*n - 31. Suppose -3*l + 12 = -3*c, 2*l = -2*c + n + 5. What is the units digit of l?
5
Let d(r) = 164*r - 5. Let s be d(4). Let n be s/(-15) + (-9)/15. Let c = 62 + n. What is the tens digit of c?
1
Suppose 5*d + 12 = -w - 2*w, 8 = -d - 2*w. Let n(q) = -4*q - q**2 + 6*q - q - 1 + 7. What is the units digit of n(d)?
6
Let c(r) = -r**3 - 2. Let w be c(2). Suppose -2*l = 3*a - 11, -a - 4*l + 7 = -0*a. What is the tens digit of (w/a)/(3/(-18))?
2
Let k = 128 - 19. What is the hundreds digit of k?
1
Let s(l) = -22*l + 1. Let f be s(-2). Suppose -14 + 6 = -4*z. Suppose w - 3 - 6 = 4*m, -z*m = -5*w + f. What is the units digit of w?
9
Suppose 16*z - 21*z + 80 = 0. What is the units digit of z?
6
Let c(t) = 21*t + 3. What is the tens digit of c(11)?
3
Let p(y) = -3 - y**3 + 0*y + 0*y + 2*y. Let l be (-75)/27 - (-10)/(-45). What is the tens digit of p(l)?
1
Suppose 3*u - 184 = 4*y + 43, 0 = -y - 2. What is the tens digit of u?
7
Suppose 0 = -0*r + 7*r - 70. What is the tens digit of 20/r*7*1?
1
Let p(i) = -i**2 - i + 31. Let d be p(0). Suppose -2*x + 5*b = -d, -4*x + 22 = 